4*x - 3*q + q = -u. Calculate the greatest common divisor of x and 2.
2
Suppose 485 = 4*c - 3*s, 5*c + 2*s + 3*s = 650. Let g be -3 - (-4 + c/(-5)). Calculate the highest common divisor of 104 and g.
26
Suppose 2*x - x = 140. Suppose 3*w - 54 = -3*a, a = -2*w + 6*w + 28. What is the greatest common factor of a and x?
20
Let u = 164 - 180. Suppose -4*z = -i - 28, 4*i + 2*z + 118 = -i. Let n = u - i. What is the greatest common divisor of 72 and n?
8
Let t = -108 - -110. Let x be 24/9*9/t. Calculate the greatest common factor of x and 60.
12
Let k be 95/10 + 1/(-2). Let l(z) = 2*z - 5. Let u be (-4)/10 - 66/(-15). Let x be l(u). Calculate the highest common divisor of x and k.
3
Let r(s) = 110*s + 5. Let b be r(2). Suppose -62 = -g + 4*y, 5*g - b = -0*g + 3*y. Calculate the greatest common divisor of g and 14.
14
Suppose -2*g = 3*m - 192, 0 = 4*m - 4*g - 276 - 0. What is the greatest common factor of m and 3102?
66
Let w(u) = -u**3 - u**2 - u + 2. Let t(m) = -m + 6. Let b be t(6). Let k be w(b). What is the highest common factor of 10 and k?
2
Suppose 59*w - 54*w = 525. Suppose w = -2*h + 479. Let y(m) = -m**2 - 8*m + 5. Let q be y(-6). What is the greatest common divisor of q and h?
17
Let n = 10 + -10. Let i be n + -4*4/(-16). Let q be -3 + (-2 - (-21)/i). Calculate the highest common factor of q and 96.
16
Suppose 3*j + 4*d = 101, -87 - 42 = -3*j + 3*d. Calculate the highest common divisor of 91 and j.
13
Let s(q) = q**3 - 10*q**2 + 6*q + 16. Let g be s(9). Let b(p) = p**3 + 11*p**2 - 8*p - 4. Let k be b(g). Calculate the greatest common divisor of 14 and k.
14
Let r be (3 - (5 - 2)) + 0 + 2. Suppose 4*u + 12 = 7*u. What is the highest common factor of u and r?
2
Let p be (0*(-2)/(-8))/4. Suppose p = -14*z + 16*z - 4. What is the highest common divisor of 3 and z?
1
Let h be 1068/178 + (-394)/(-2). What is the highest common factor of 116 and h?
29
Let k be ((-414)/(-69))/((-2)/((-52)/3)). Calculate the highest common divisor of k and 260.
52
Let f(m) = m. Suppose -4*w + 2*n - 11 = 7*n, 3*w + 5*n = -12. Let v be f(w). What is the greatest common divisor of v and 3?
1
Let f be (47 - 45)*(10 - 0). What is the greatest common factor of 50 and f?
10
Let g be -864*((-72)/(-27))/(-1). What is the highest common divisor of 36 and g?
36
Let z be 4/(-30) + 4216/(-240)*-2. Calculate the greatest common factor of z and 7.
7
Let k be 28/70 + (-33)/(-5). What is the highest common factor of 119 and k?
7
Suppose -3*c + 676 = 4*u, 4*u = -c - 0*u + 212. Let q be 10/65 + c/13. What is the greatest common divisor of q and 234?
18
Suppose -16 = -4*x, -518 = -4*a - 5*x + 22. Calculate the highest common factor of 20 and a.
10
Suppose 41*i - 3337 = 1091. What is the highest common divisor of 16 and i?
4
Let h(a) be the second derivative of 0 + 0*a**2 + 4*a + 1/6*a**4 + 0*a**3. Let t be h(2). What is the greatest common divisor of t and 8?
8
Let t be (3/(-2))/(6/(-8)). Let s be (290/40)/(t/16). What is the highest common divisor of s and 145?
29
Let s(y) = y - 2. Let k be s(-2). Let n(l) = -l**3 - 3*l**2 - 3*l + 4. Let q be n(k). Let c be 0/1 - 4*-2. Calculate the highest common divisor of q and c.
8
Suppose 2*o = 155 - 29. Calculate the greatest common divisor of 441 and o.
63
Let z = -857 + 1291. Calculate the highest common divisor of 496 and z.
62
Suppose 161*x - 172*x = -1672. What is the highest common factor of 95 and x?
19
Let x(w) = -3*w - 10. Suppose 0 = 2*c - 5*c + 24. Suppose 0*y - y = c. Let i be x(y). Calculate the highest common divisor of 2 and i.
2
Let q be 0 + (-2 - 0) + 14. Let h = -202 + 262. Calculate the greatest common factor of h and q.
12
Suppose 5*i + 692 = 7*i. Let r = -178 + i. Calculate the greatest common divisor of r and 24.
24
Suppose -4*f = 2*p + 8, 4*f - 16 = -3*p + 5*f. What is the highest common divisor of p and 24?
4
Let u = 283 - 281. Suppose -5*q + 11 = -4*n, 0 = q - 6*n + 3*n. Suppose q*g = 2*g + 16. What is the highest common divisor of g and u?
2
Let k be (825/(-330))/(10/(-12)). Suppose 26 = 3*y - 10. Suppose 0 = z - 0 - y. What is the greatest common factor of k and z?
3
Let k(l) = 2*l + 3. Let m(n) = n + 3. Let y(h) = -2*k(h) + 3*m(h). Let b be y(-6). Suppose b*u = 364 - 40. What is the highest common divisor of u and 108?
36
Suppose 4*d + a = 1011, -7*d + 9*d - 5*a = 511. What is the highest common divisor of 22 and d?
11
Suppose 0 = 3*t + 3*s + 72, -3*s = -3*t + 5*t + 47. Let n = -11 - t. Let v be 57*(n/(-6) - -3). What is the greatest common divisor of v and 95?
19
Let h(z) = 20*z - 433. Let l be h(22). Let s be 2/(-8) + 253/4. What is the greatest common divisor of s and l?
7
Let c = 6 + -7. Let p be c - 7/((-21)/(-6)). Let k be p/4 - 259/(-4). Calculate the greatest common factor of 8 and k.
8
Let d = 8 + 8. Let w be 0*1/3 + 1 + 1. Suppose -w*i + 4*k + 14 = -18, -2*k - 24 = -2*i. Calculate the greatest common divisor of d and i.
8
Suppose 5*g - 10 - 5 = 0. Let z be 10/15 - (-2)/(-3). Suppose g*h = 5*w + 97, -4*h + 5*w - w + 116 = z. Calculate the greatest common factor of 264 and h.
24
Suppose -y + 7*k + 2 = 3*k, y - 3*k - 2 = 0. Suppose -2*s + 76 = 3*l, y*s - 7*s = 2*l - 69. Let n = l + -5. Calculate the greatest common factor of 17 and n.
17
Let w(y) = -2*y**2 - 30*y + 15. Let k be w(-15). Let d = 7 - 4. Calculate the highest common divisor of d and k.
3
Let a(p) = -p**2 - 6*p + 2. Let j be a(-6). Suppose -3*v = -j*v - 40. Let k(w) = w + 16. Let t be k(-8). Calculate the highest common factor of v and t.
8
Let h(r) = r**3 + 20*r**2 - 6*r - 10. Let s be h(-19). What is the highest common divisor of s and 30?
15
Let k = 96 + -54. Suppose 6*u = 1804 - 1762. Calculate the highest common divisor of u and k.
7
Let b = -212 + 248. What is the greatest common divisor of 3 and b?
3
Let a = 5 + 1. Suppose 5*f - 8 = 3*f. Suppose 6*r - 2*r = f*i + 172, 0 = -2*r - 4*i + 80. What is the greatest common divisor of a and r?
6
Suppose -153 = -4*j - 65. Let l be -15 + ((-8)/2 - -8). Let h = j + l. What is the highest common factor of h and 11?
11
Let u(d) be the second derivative of d**3/6 + 3*d**2/2 + d. Let j be u(0). Let t be (-3)/j*-81 + 0. Calculate the highest common factor of 54 and t.
27
Let r be 581/4 - 2/8. Suppose -q = -5*q + 232. Calculate the highest common factor of r and q.
29
Suppose 0 = -4*j - 5*g - 0*g + 1092, g = 0. What is the highest common divisor of j and 195?
39
Suppose t - 14*k = -10*k + 263, 3*t - 831 = -2*k. What is the highest common factor of 11 and t?
11
Suppose -25*m = 215 - 1065. Calculate the greatest common factor of m and 18.
2
Let n be 24/(-132) - (-123)/11. Suppose -n*p + 108 = -8*p. Calculate the greatest common factor of p and 24.
12
Suppose -1821*w + 510 = -1820*w. What is the highest common divisor of 30 and w?
30
Let j(u) be the third derivative of u**6/60 - u**5/30 + 7*u**4/24 - 5*u**3/6 + 2*u**2. Let p be j(2). Calculate the highest common factor of p and 85.
17
Suppose 0 = -3*r + 2*p + 572, -r + 0*p - 2*p + 196 = 0. What is the highest common factor of 144 and r?
48
Suppose -2*x + 3*u + 7 = -3, 2 = 5*x + 4*u. Suppose -3*b - 4*n = -x*n - 218, 2*b - 162 = 2*n. Calculate the greatest common divisor of b and 38.
38
Suppose 4*p = l - 85, 8*l = 9*l - p - 91. Calculate the greatest common divisor of 217 and l.
31
Let a(d) = 3*d + 13. Suppose -4*c = -0*c - 24. Let u be a(c). Calculate the greatest common divisor of u and 62.
31
Suppose 3*u + 5*x = 24, -x + 2*x + 32 = 4*u. Let t = -3 - -8. Suppose -54 - 6 = -t*w. Calculate the greatest common factor of u and w.
4
Let k be ((3 - (-10)/(-2)) + 2)/2. Let r(t) = -t**3 - t**2 - 2*t + 3. Let p be r(k). Calculate the greatest common factor of p and 6.
3
Let y be 5/(-2)*(-2)/1. Suppose 4*n = y*n + 86. Let b = -41 - n. What is the greatest common factor of b and 15?
15
Suppose -4*k = -2*t + 286, t + 0*k - 5*k = 143. Suppose -9 = -3*i - 3. Suppose -i*l + 13 = -l. What is the greatest common factor of t and l?
13
Suppose -29 - 71 = -10*u. Calculate the greatest common factor of u and 170.
10
Suppose 0 = 11*m - 933 - 926. Calculate the highest common factor of 26 and m.
13
Suppose -9*z = 65 - 767. Calculate the highest common factor of z and 130.
26
Suppose -z = 5*p + 9 + 6, -5*z = p - 21. Suppose 6 = z*x - 34. Let h = -24 + 25. Calculate the highest c